{"id":1216,"date":"2026-01-21T11:26:05","date_gmt":"2026-01-21T10:26:05","guid":{"rendered":"https:\/\/eustaches.com\/?page_id=1216"},"modified":"2026-01-21T11:26:05","modified_gmt":"2026-01-21T10:26:05","slug":"ateliers-francais-langue-etrangere-fle","status":"publish","type":"page","link":"https:\/\/eustaches.com\/index.php\/ateliers-francais-langue-etrangere-fle\/","title":{"rendered":"Ateliers Fran\u00e7ais Langue \u00c9trang\u00e8re (FLE)"},"content":{"rendered":"\n<p>Le FLE d\u00e9signe le fran\u00e7ais en tant que langue d&rsquo;apprentissage. Les ateliers de FLE sont donc destin\u00e9s \u00e0 un public non-francophone.<\/p>\n\n\n\n<figure class=\"wp-block-image size-large\"><img loading=\"lazy\" decoding=\"async\" width=\"1024\" height=\"724\" src=\"https:\/\/eustaches.com\/wp-content\/uploads\/2026\/01\/cafe-francais-fle-num-integration-1024x724.png\" alt=\"\" class=\"wp-image-1217\" srcset=\"https:\/\/eustaches.com\/wp-content\/uploads\/2026\/01\/cafe-francais-fle-num-integration-1024x724.png 1024w, https:\/\/eustaches.com\/wp-content\/uploads\/2026\/01\/cafe-francais-fle-num-integration-300x212.png 300w, https:\/\/eustaches.com\/wp-content\/uploads\/2026\/01\/cafe-francais-fle-num-integration-768x543.png 768w, https:\/\/eustaches.com\/wp-content\/uploads\/2026\/01\/cafe-francais-fle-num-integration-1536x1086.png 1536w, https:\/\/eustaches.com\/wp-content\/uploads\/2026\/01\/cafe-francais-fle-num-integration-1320x933.png 1320w, https:\/\/eustaches.com\/wp-content\/uploads\/2026\/01\/cafe-francais-fle-num-integration.png 2000w\" sizes=\"auto, (max-width: 1024px) 100vw, 1024px\" \/><\/figure>\n","protected":false},"excerpt":{"rendered":"<p>Le FLE d\u00e9signe le fran\u00e7ais en tant que langue d&rsquo;apprentissage. Les ateliers de FLE sont donc destin\u00e9s \u00e0 un public non-francophone.<\/p>\n","protected":false},"author":3,"featured_media":0,"parent":0,"menu_order":0,"comment_status":"closed","ping_status":"closed","template":"","meta":{"footnotes":""},"class_list":["post-1216","page","type-page","status-publish","hentry"],"_links":{"self":[{"href":"https:\/\/eustaches.com\/index.php\/wp-json\/wp\/v2\/pages\/1216","targetHints":{"allow":["GET"]}}],"collection":[{"href":"https:\/\/eustaches.com\/index.php\/wp-json\/wp\/v2\/pages"}],"about":[{"href":"https:\/\/eustaches.com\/index.php\/wp-json\/wp\/v2\/types\/page"}],"author":[{"embeddable":true,"href":"https:\/\/eustaches.com\/index.php\/wp-json\/wp\/v2\/users\/3"}],"replies":[{"embeddable":true,"href":"https:\/\/eustaches.com\/index.php\/wp-json\/wp\/v2\/comments?post=1216"}],"version-history":[{"count":1,"href":"https:\/\/eustaches.com\/index.php\/wp-json\/wp\/v2\/pages\/1216\/revisions"}],"predecessor-version":[{"id":1218,"href":"https:\/\/eustaches.com\/index.php\/wp-json\/wp\/v2\/pages\/1216\/revisions\/1218"}],"wp:attachment":[{"href":"https:\/\/eustaches.com\/index.php\/wp-json\/wp\/v2\/media?parent=1216"}],"curies":[{"name":"wp","href":"https:\/\/api.w.org\/{rel}","templated":true}]}}