{"id":159,"date":"2023-08-08T16:23:03","date_gmt":"2023-08-08T14:23:03","guid":{"rendered":"http:\/\/test.eustaches.com\/?page_id=159"},"modified":"2026-01-21T11:26:49","modified_gmt":"2026-01-21T10:26:49","slug":"vie-sociale","status":"publish","type":"page","link":"https:\/\/eustaches.com\/index.php\/vie-sociale\/","title":{"rendered":"Vie Sociale"},"content":{"rendered":"\n<div class=\"wp-block-group is-content-justification-space-between is-nowrap is-layout-flex wp-container-core-group-is-layout-cb46ffcb wp-block-group-is-layout-flex\">\n<ul class=\"wp-block-list\">\n<li><a href=\"https:\/\/eustaches.com\/index.php\/ateliers-creatifs\/\" data-type=\"link\" data-id=\"http:\/\/test.eustaches.com\/index.php\/ateliers-creatifs\/\">Ateliers cr\u00e9atifs<\/a><\/li>\n\n\n\n<li><a href=\"https:\/\/eustaches.com\/index.php\/vie-sociale\/ateliers-ensemble-chez-eustache\/\" data-type=\"link\" data-id=\"https:\/\/eustaches.com\/index.php\/vie-sociale\/ateliers-ensemble-chez-eustache\/\">Ateliers Ensemble chez Eustache (activit\u00e9s vari\u00e9es)<\/a><\/li>\n\n\n\n<li><a href=\"https:\/\/eustaches.com\/index.php\/vie-sociale\/rando\/\" data-type=\"page\" data-id=\"183\">Randonn\u00e9e<\/a><\/li>\n\n\n\n<li><a href=\"https:\/\/eustaches.com\/index.php\/vie-sociale\/anglais\/\" data-type=\"page\" data-id=\"185\">Caf\u00e9 Anglais<\/a><\/li>\n\n\n\n<li><a href=\"https:\/\/eustaches.com\/index.php\/vie-sociale\/francais\/\" data-type=\"page\" data-id=\"190\">Caf\u00e9 Fran\u00e7ais<\/a><\/li>\n\n\n\n<li><a href=\"https:\/\/eustaches.com\/index.php\/vie-sociale\/espagnol\/\" data-type=\"link\" data-id=\"https:\/\/eustaches.com\/index.php\/vie-sociale\/espagnol\/\">Caf\u00e9 Espagnol<\/a><\/li>\n\n\n\n<li><a href=\"https:\/\/eustaches.com\/index.php\/gazette-regards-deustache\/\" data-type=\"page\" data-id=\"194\">Gazette<\/a><\/li>\n\n\n\n<li><a href=\"https:\/\/eustaches.com\/index.php\/les-quiz-interactifs\/\" data-type=\"link\" data-id=\"https:\/\/eustaches.com\/index.php\/les-quizz-interactifs\/\">Les quiz interactifs<\/a><\/li>\n\n\n\n<li><a href=\"https:\/\/eustaches.com\/index.php\/vie-sociale\/aide-devoir\/\" data-type=\"page\" data-id=\"754\">Aide Devoir<\/a><\/li>\n\n\n\n<li><a href=\"https:\/\/eustaches.com\/index.php\/vie-sociale\/rendez-vous-des-habitants\/\" data-type=\"page\" data-id=\"757\">Rendez-vous des habitants<\/a><\/li>\n\n\n\n<li><a href=\"https:\/\/eustaches.com\/index.php\/vie-sociale\/scrabble-jeux-de-societe\/\" data-type=\"page\" data-id=\"759\">Les vendredis Scrabble &amp; jeux de soci\u00e9t\u00e9<\/a><\/li>\n\n\n\n<li><a href=\"https:\/\/eustaches.com\/index.php\/vie-sociale\/do-in-qi-gong\/\" data-type=\"page\" data-id=\"761\">Do-in, Qi gong<\/a><\/li>\n\n\n\n<li><a href=\"https:\/\/eustaches.com\/index.php\/ateliers-francais-langue-etrangere-fle\/\">Ateliers FLE<\/a><\/li>\n<\/ul>\n\n\n<ul class=\"lcp_catlist\" id=\"lcp_instance_0\"><li><a href=\"https:\/\/eustaches.com\/index.php\/2026\/04\/17\/des-vacances-de-printemps-rayonnantes-avec-lassociation-chez-eustache\/\">Des Vacances de Printemps Rayonnantes avec l&rsquo;Association \u00ab\u00a0Chez Eustache\u00a0\u00bb !<\/a><\/li><li><a href=\"https:\/\/eustaches.com\/index.php\/2026\/03\/24\/succes-pour-lassemblee-generale-de-chez-eustache-un-bilan-sain-et-une-nouvelle-equipe-pour-2026\/\">Succ\u00e8s pour l&rsquo;Assembl\u00e9e G\u00e9n\u00e9rale de Chez Eustache : Un bilan sain et une nouvelle \u00e9quipe pour 2026 !<\/a><\/li><li><a href=\"https:\/\/eustaches.com\/index.php\/2026\/03\/03\/vacances-dhiver-2026-un-cocktail-de-creativite-et-de-partage-a-lespace-eustache\/\">Vacances d\u2019Hiver 2026 : Un cocktail de cr\u00e9ativit\u00e9 et de partage \u00e0 l&rsquo;Espace Eustache !<\/a><\/li><li><a href=\"https:\/\/eustaches.com\/index.php\/2026\/02\/10\/chez-eustache-joue-les-prolongations-de-la-chandeleur\/\">Chez Eustache joue les prolongations de la chandeleur\u00a0!<\/a><\/li><li><a href=\"https:\/\/eustaches.com\/index.php\/2026\/02\/06\/carton-plein-pour-le-premier-petit-loto\/\">Carton plein pour le premier \u00ab\u00a0Petit Loto\u00a0\u00bb<\/a><\/li><li><a href=\"https:\/\/eustaches.com\/index.php\/2025\/12\/19\/le-premier-petit-marche-de-noel-deustache\/\">Le premier \u00ab\u00a0Petit March\u00e9 de No\u00ebl\u00a0\u00bb d\u2019Eustache<\/a><\/li><\/ul>\n<\/div>\n\n\n<div class=\"wp-block-image\">\n<figure class=\"aligncenter size-large is-resized\"><img loading=\"lazy\" decoding=\"async\" width=\"1024\" height=\"1024\" src=\"https:\/\/eustaches.com\/wp-content\/uploads\/2024\/05\/Group-discussion-cuate-1024x1024.webp\" alt=\"Illustration d'un groupe de 5 personnes en cercle discutant\" class=\"wp-image-629\" style=\"width:403px;height:403px\" srcset=\"https:\/\/eustaches.com\/wp-content\/uploads\/2024\/05\/Group-discussion-cuate-1024x1024.webp 1024w, https:\/\/eustaches.com\/wp-content\/uploads\/2024\/05\/Group-discussion-cuate-300x300.webp 300w, https:\/\/eustaches.com\/wp-content\/uploads\/2024\/05\/Group-discussion-cuate-150x150.webp 150w, https:\/\/eustaches.com\/wp-content\/uploads\/2024\/05\/Group-discussion-cuate-768x768.webp 768w, https:\/\/eustaches.com\/wp-content\/uploads\/2024\/05\/Group-discussion-cuate-1536x1536.webp 1536w, https:\/\/eustaches.com\/wp-content\/uploads\/2024\/05\/Group-discussion-cuate-45x45.webp 45w, https:\/\/eustaches.com\/wp-content\/uploads\/2024\/05\/Group-discussion-cuate.webp 2000w\" sizes=\"auto, (max-width: 1024px) 100vw, 1024px\" \/><\/figure>\n<\/div>\n\n\n<p style=\"font-size:18px\"><a href=\"https:\/\/eustaches.com\/index.php\/category\/vie-sociale\/\"><strong>Voir plus d&rsquo;\u00e9v\u00e9nements Vie Sociale<\/strong><\/a><\/p>\n\n\n\n<p class=\"has-text-align-center\"><strong>L&rsquo;EVS est ouvert du lundi au vendredi, 9h-12h | 14h-17h (accueil selon les activit\u00e9s\/r\u00e9unions).<\/strong><\/p>\n\n\n\n<h2 class=\"wp-block-heading has-luminous-vivid-amber-background-color has-background\">R\u00e9alisations faites au sein d&rsquo;Eustache :<\/h2>\n\n\n\n<p><a href=\"https:\/\/eustaches.com\/index.php\/100-cliches-dans-mon-quartier\/\" data-type=\"page\" data-id=\"715\">100 Clich\u00e9s dans mon Quartier<\/a><\/p>\n\n\n\n<p><a href=\"https:\/\/eustaches.com\/index.php\/vie-sociale\/gazette-regards-deustache\/\" data-type=\"page\" data-id=\"194\">La Gazette trimestrielle : Regards d&rsquo;Eustache<\/a><\/p>\n\n\n\n<hr class=\"wp-block-separator has-alpha-channel-opacity\"\/>\n\n\n\n<h3 class=\"wp-block-heading has-luminous-vivid-amber-background-color has-background\">Le label Espace de Vie Sociale<\/h3>\n\n\n\n<div class=\"wp-block-group\"><div class=\"wp-block-group__inner-container is-layout-constrained wp-block-group-is-layout-constrained\">\n<p>Ce label est attribu\u00e9 par la Caisse d\u2019Allocations Familiales aux structures r\u00e9pondant \u00e0 certains crit\u00e8res d\u2019animation de la vie sociale.<\/p>\n\n\n\n<p>Les&nbsp;<strong>espaces de vie sociale<\/strong>&nbsp;ont vocation \u00e0 renforcer les liens sociaux et les solidarit\u00e9s de voisinage en d\u00e9veloppant \u00e0 partir d\u2019initiatives locales des services et des activit\u00e9s \u00e0 finalit\u00e9s&nbsp;<strong>sociales<\/strong>&nbsp;et \u00e9ducatives. Ils concourent \u00e0 la politique d\u2019animation de la&nbsp;<strong>vie sociale<\/strong>&nbsp;des Caisses d\u2019allocations familiales.<\/p>\n\n\n\n<p>L\u2019un des crit\u00e8res essentiel est la participation des habitants qui comprend 4 degr\u00e9s :<\/p>\n\n\n\n<p class=\"has-black-color has-luminous-vivid-amber-background-color has-text-color has-background\"><strong>L\u2019information<\/strong><\/p>\n\n\n\n<p>Elle permet d\u2019amener des connaissances vers un public et peut servir de d\u00e9clencheur<\/p>\n\n\n\n<p>Son objectif est de&nbsp;susciter l\u2019int\u00e9r\u00eat et donner envie de participer \u00e0 un projet.<\/p>\n\n\n\n<p class=\"has-black-color has-luminous-vivid-amber-background-color has-text-color has-background\"><strong>La consultation<\/strong><\/p>\n\n\n\n<p>Son r\u00f4le est de conna\u00eetre les attentes des habitants.<\/p>\n\n\n\n<p>Son objectif est d\u2019impliquer les habitants dans la recherche d\u2019information en les consultant ou en les associant \u00e0 la d\u00e9marche.<\/p>\n\n\n\n<p class=\"has-black-color has-luminous-vivid-amber-background-color has-text-color has-background\"><strong>La concertation<\/strong><\/p>\n\n\n\n<p>Elle&nbsp;d\u00e9bouche sur une d\u00e9cision engageant les habitants et les autres acteurs dans la co-construction du projet, sur un pied d\u2019\u00e9galit\u00e9.<\/p>\n\n\n\n<p>Son objectif est de d\u00e9finir pr\u00e9cis\u00e9ment le projet<\/p>\n\n\n\n<p class=\"has-black-color has-luminous-vivid-amber-background-color has-text-color has-background\"><strong>La coop\u00e9ration<\/strong><\/p>\n\n\n\n<p>Elle n\u00e9cessite que les habitants soient associ\u00e9s \u00e0 l\u2019\u00e9laboration du projet dans son int\u00e9gralit\u00e9<\/p>\n\n\n\n<p>Son objectif est de&nbsp;concr\u00e9tiser la co-production qui va de l\u2019\u00e9laboration du projet \u00e0 son \u00e9valuation.<\/p>\n\n\n\n<p>L\u2019association Eustache a \u00e9t\u00e9 labellis\u00e9e Espace de Vie Sociale par la CAF de la Dr\u00f4me le 1er avril 2021 apr\u00e8s un long travail de diagnostic et de d\u00e9finition des axes \u00e0 explorer.<\/p>\n<\/div><\/div>\n","protected":false},"excerpt":{"rendered":"<p>Voir plus d&rsquo;\u00e9v\u00e9nements Vie Sociale L&rsquo;EVS est ouvert du lundi au vendredi, 9h-12h | 14h-17h (accueil selon les activit\u00e9s\/r\u00e9unions). R\u00e9alisations faites au sein d&rsquo;Eustache : 100 Clich\u00e9s dans mon Quartier La Gazette trimestrielle : Regards d&rsquo;Eustache Le label Espace de Vie Sociale Ce label est attribu\u00e9 par la Caisse d\u2019Allocations Familiales aux structures r\u00e9pondant \u00e0 [&hellip;]<\/p>\n","protected":false},"author":3,"featured_media":0,"parent":0,"menu_order":0,"comment_status":"closed","ping_status":"closed","template":"","meta":{"footnotes":""},"class_list":["post-159","page","type-page","status-publish","hentry"],"_links":{"self":[{"href":"https:\/\/eustaches.com\/index.php\/wp-json\/wp\/v2\/pages\/159","targetHints":{"allow":["GET"]}}],"collection":[{"href":"https:\/\/eustaches.com\/index.php\/wp-json\/wp\/v2\/pages"}],"about":[{"href":"https:\/\/eustaches.com\/index.php\/wp-json\/wp\/v2\/types\/page"}],"author":[{"embeddable":true,"href":"https:\/\/eustaches.com\/index.php\/wp-json\/wp\/v2\/users\/3"}],"replies":[{"embeddable":true,"href":"https:\/\/eustaches.com\/index.php\/wp-json\/wp\/v2\/comments?post=159"}],"version-history":[{"count":33,"href":"https:\/\/eustaches.com\/index.php\/wp-json\/wp\/v2\/pages\/159\/revisions"}],"predecessor-version":[{"id":1219,"href":"https:\/\/eustaches.com\/index.php\/wp-json\/wp\/v2\/pages\/159\/revisions\/1219"}],"wp:attachment":[{"href":"https:\/\/eustaches.com\/index.php\/wp-json\/wp\/v2\/media?parent=159"}],"curies":[{"name":"wp","href":"https:\/\/api.w.org\/{rel}","templated":true}]}}