{"id":162,"date":"2023-08-08T16:30:56","date_gmt":"2023-08-08T14:30:56","guid":{"rendered":"http:\/\/test.eustaches.com\/?page_id=162"},"modified":"2025-08-08T16:49:46","modified_gmt":"2025-08-08T14:49:46","slug":"numerique","status":"publish","type":"page","link":"https:\/\/eustaches.com\/index.php\/numerique\/","title":{"rendered":"Num\u00e9rique"},"content":{"rendered":"\n<div class=\"wp-block-group is-content-justification-space-between is-nowrap is-layout-flex wp-container-core-group-is-layout-cb46ffcb wp-block-group-is-layout-flex\">\n<ul class=\"wp-block-list\">\n<li><a href=\"https:\/\/eustaches.com\/index.php\/numerique\/ateliers-numeriques\/\" data-type=\"link\" data-id=\"http:\/\/test.eustaches.com\/index.php\/ateliers-numeriques\/\">Ateliers num\u00e9rique<\/a><\/li>\n\n\n\n<li><a href=\"https:\/\/eustaches.com\/index.php\/numerique\/tarifs-impression\/\" data-type=\"page\" data-id=\"196\">Tarif impression<\/a><\/li>\n\n\n\n<li><a href=\"https:\/\/eustaches.com\/index.php\/numerique\/charte\/\" data-type=\"page\" data-id=\"232\">Conditions d&rsquo;utilisation \/ charte<\/a> <\/li>\n<\/ul>\n\n\n<ul class=\"lcp_catlist\" id=\"lcp_instance_0\"><li><a href=\"https:\/\/eustaches.com\/index.php\/2026\/04\/20\/article-presse-jeudi-9-avril-2026-la-tribune\/\">Article Presse : Jeudi 9 avril 2026 &#8211; La TRIBUNE<\/a><\/li><li><a href=\"https:\/\/eustaches.com\/index.php\/2026\/04\/17\/des-vacances-de-printemps-rayonnantes-avec-lassociation-chez-eustache\/\">Des Vacances de Printemps Rayonnantes avec l&rsquo;Association \u00ab\u00a0Chez Eustache\u00a0\u00bb !<\/a><\/li><li><a href=\"https:\/\/eustaches.com\/index.php\/2026\/03\/03\/vacances-dhiver-2026-un-cocktail-de-creativite-et-de-partage-a-lespace-eustache\/\">Vacances d\u2019Hiver 2026 : Un cocktail de cr\u00e9ativit\u00e9 et de partage \u00e0 l&rsquo;Espace Eustache !<\/a><\/li><\/ul>\n<\/div>\n\n\n\n<p><a href=\"https:\/\/eustaches.com\/index.php\/category\/numerique\/\"><strong>Voir plus d\u2019\u00e9v\u00e9nements Num\u00e9rique<\/strong><\/a><\/p>\n\n\n<div class=\"wp-block-image\">\n<figure class=\"aligncenter size-full is-resized\"><img decoding=\"async\" src=\"https:\/\/eustaches.com\/wp-content\/uploads\/2025\/08\/horaire-ok-epn.svg\" alt=\"\" class=\"wp-image-1014\" style=\"aspect-ratio:1.4138755980861244;width:591px;height:auto\"\/><\/figure>\n<\/div>\n\n<div class=\"wp-block-image\">\n<figure class=\"aligncenter size-full is-resized\"><img decoding=\"async\" src=\"https:\/\/eustaches.com\/wp-content\/uploads\/2025\/08\/Flyer-global-epn.svg\" alt=\"\" class=\"wp-image-1017\" style=\"width:584px;height:auto\"\/><\/figure>\n<\/div>\n\n\n<hr class=\"wp-block-separator has-alpha-channel-opacity\"\/>\n\n\n\n<div class=\"wp-block-group\"><div class=\"wp-block-group__inner-container is-layout-constrained wp-block-group-is-layout-constrained\">\n<p class=\"has-black-color has-luminous-vivid-amber-background-color has-text-color has-background has-link-color has-medium-font-size wp-elements-c9213f901aebf11b4f7e0022415ab424\"><strong>Les ateliers num\u00e9riques<\/strong><\/p>\n\n\n\n<p>Les ateliers num\u00e9riques de l\u2019Espace Public Num\u00e9rique Eustache sont des ateliers de 1h ou 2h chacun.<\/p>\n\n\n\n<p>Ces ateliers ont pour objectif d\u2019offrir des bases de culture et des temps d\u2019\u00e9changes et de pratique num\u00e9riques \u00e0 tout public, d\u00e9butant, t\u00e2tonnant et curieux.<\/p>\n\n\n\n<p>Ils s\u2019adressent \u00e0 toutes personnes, hommes, femmes, jeunes ou vieux, actifs ou en pause, parents, grands-parents ou solo, qui ont envie de pratiquer et mieux comprendre l\u2019environnement num\u00e9rique.<\/p>\n\n\n\n<p>Lors de ces ateliers, il n\u2019y a jamais de question b\u00eate, toute question est une bonne question !<\/p>\n\n\n\n<p>Vos propositions de th\u00e8mes sont les bienvenues afin que ces ateliers vous apportent quelque chose.<\/p>\n\n\n<div class=\"wp-block-image\">\n<figure class=\"aligncenter size-large is-resized\"><img loading=\"lazy\" decoding=\"async\" width=\"1024\" height=\"1024\" src=\"https:\/\/eustaches.com\/wp-content\/uploads\/2024\/05\/Telework-pana-1024x1024.webp\" alt=\"Illustration de trois personnes sur des ordinateurs portables.\" class=\"wp-image-616\" style=\"width:334px;height:334px\" srcset=\"https:\/\/eustaches.com\/wp-content\/uploads\/2024\/05\/Telework-pana-1024x1024.webp 1024w, https:\/\/eustaches.com\/wp-content\/uploads\/2024\/05\/Telework-pana-300x300.webp 300w, https:\/\/eustaches.com\/wp-content\/uploads\/2024\/05\/Telework-pana-150x150.webp 150w, https:\/\/eustaches.com\/wp-content\/uploads\/2024\/05\/Telework-pana-768x768.webp 768w, https:\/\/eustaches.com\/wp-content\/uploads\/2024\/05\/Telework-pana-1536x1536.webp 1536w, https:\/\/eustaches.com\/wp-content\/uploads\/2024\/05\/Telework-pana-45x45.webp 45w, https:\/\/eustaches.com\/wp-content\/uploads\/2024\/05\/Telework-pana.webp 2000w\" sizes=\"auto, (max-width: 1024px) 100vw, 1024px\" \/><\/figure>\n<\/div>\n\n\n<p class=\"has-black-color has-luminous-vivid-amber-background-color has-text-color has-background has-link-color wp-elements-3694da0d5b9648c545235c5a3d4ea0a7\"><strong>Modalit\u00e9s<\/strong><\/p>\n\n\n\n<p>Inscription obligatoire \/ Adh\u00e9sion 10\u20ac annuelle facultative<\/p>\n\n\n\n<p>Prendre connaissance des pr\u00e9requis lors de l\u2019inscription<\/p>\n<\/div><\/div>\n","protected":false},"excerpt":{"rendered":"<p>Voir plus d\u2019\u00e9v\u00e9nements Num\u00e9rique Les ateliers num\u00e9riques Les ateliers num\u00e9riques de l\u2019Espace Public Num\u00e9rique Eustache sont des ateliers de 1h ou 2h chacun. Ces ateliers ont pour objectif d\u2019offrir des bases de culture et des temps d\u2019\u00e9changes et de pratique num\u00e9riques \u00e0 tout public, d\u00e9butant, t\u00e2tonnant et curieux. Ils s\u2019adressent \u00e0 toutes personnes, hommes, femmes, [&hellip;]<\/p>\n","protected":false},"author":3,"featured_media":0,"parent":0,"menu_order":0,"comment_status":"closed","ping_status":"closed","template":"","meta":{"footnotes":""},"class_list":["post-162","page","type-page","status-publish","hentry"],"_links":{"self":[{"href":"https:\/\/eustaches.com\/index.php\/wp-json\/wp\/v2\/pages\/162","targetHints":{"allow":["GET"]}}],"collection":[{"href":"https:\/\/eustaches.com\/index.php\/wp-json\/wp\/v2\/pages"}],"about":[{"href":"https:\/\/eustaches.com\/index.php\/wp-json\/wp\/v2\/types\/page"}],"author":[{"embeddable":true,"href":"https:\/\/eustaches.com\/index.php\/wp-json\/wp\/v2\/users\/3"}],"replies":[{"embeddable":true,"href":"https:\/\/eustaches.com\/index.php\/wp-json\/wp\/v2\/comments?post=162"}],"version-history":[{"count":27,"href":"https:\/\/eustaches.com\/index.php\/wp-json\/wp\/v2\/pages\/162\/revisions"}],"predecessor-version":[{"id":1018,"href":"https:\/\/eustaches.com\/index.php\/wp-json\/wp\/v2\/pages\/162\/revisions\/1018"}],"wp:attachment":[{"href":"https:\/\/eustaches.com\/index.php\/wp-json\/wp\/v2\/media?parent=162"}],"curies":[{"name":"wp","href":"https:\/\/api.w.org\/{rel}","templated":true}]}}