{"id":3,"date":"2022-12-15T17:31:15","date_gmt":"2022-12-15T16:31:15","guid":{"rendered":"http:\/\/test.eustaches.com\/?page_id=3"},"modified":"2025-04-15T17:22:29","modified_gmt":"2025-04-15T15:22:29","slug":"politique-de-confidentialite","status":"publish","type":"page","link":"https:\/\/eustaches.com\/index.php\/politique-de-confidentialite\/","title":{"rendered":"Politique de confidentialit\u00e9"},"content":{"rendered":"\n<h2 class=\"wp-block-heading\">Newsletter<\/h2>\n\n\n\n<p>La Newsletter d&rsquo;Eustache contient les actualit\u00e9s de l&rsquo;association, comme par exemple les nouveaux et r\u00e9currents ateliers dans l&rsquo;Espace de Vie Sociale, ainsi que les ateliers num\u00e9riques dans l&rsquo;Espace Public Num\u00e9rique. On vous pr\u00e9vient \u00e9galement de la sortie de la gazette et les activit\u00e9s ponctuelles.<\/p>\n\n\n\n<p>Nous nous engageons a envoyer cette newsletter tous les mois et de ne pas utiliser la liste d&rsquo;adresse de personne qui s\u2019inscrivent sur cette newsletter pour tout autre utilisation, et elle ne sera pas divulgu\u00e9e \u00e0 des tiers.<\/p>\n\n\n\n<p>Vous pouvez vous d\u00e9sinscrire \u00e0 tout moment de notre newsletter via le lien de d\u00e9sinscription ou a l&rsquo;adresse rgpd@eustaches.com. Vous pouvez \u00e9galement demander l&rsquo;effacement de vos donn\u00e9es dans notre liste ou sa rectification.<\/p>\n\n\n\n<p><\/p>\n","protected":false},"excerpt":{"rendered":"<p>Newsletter La Newsletter d&rsquo;Eustache contient les actualit\u00e9s de l&rsquo;association, comme par exemple les nouveaux et r\u00e9currents ateliers dans l&rsquo;Espace de Vie Sociale, ainsi que les ateliers num\u00e9riques dans l&rsquo;Espace Public Num\u00e9rique. On vous pr\u00e9vient \u00e9galement de la sortie de la gazette et les activit\u00e9s ponctuelles. Nous nous engageons a envoyer cette newsletter tous les mois [&hellip;]<\/p>\n","protected":false},"author":3,"featured_media":0,"parent":0,"menu_order":0,"comment_status":"closed","ping_status":"open","template":"","meta":{"footnotes":""},"class_list":["post-3","page","type-page","status-publish","hentry"],"_links":{"self":[{"href":"https:\/\/eustaches.com\/index.php\/wp-json\/wp\/v2\/pages\/3","targetHints":{"allow":["GET"]}}],"collection":[{"href":"https:\/\/eustaches.com\/index.php\/wp-json\/wp\/v2\/pages"}],"about":[{"href":"https:\/\/eustaches.com\/index.php\/wp-json\/wp\/v2\/types\/page"}],"author":[{"embeddable":true,"href":"https:\/\/eustaches.com\/index.php\/wp-json\/wp\/v2\/users\/3"}],"replies":[{"embeddable":true,"href":"https:\/\/eustaches.com\/index.php\/wp-json\/wp\/v2\/comments?post=3"}],"version-history":[{"count":5,"href":"https:\/\/eustaches.com\/index.php\/wp-json\/wp\/v2\/pages\/3\/revisions"}],"predecessor-version":[{"id":935,"href":"https:\/\/eustaches.com\/index.php\/wp-json\/wp\/v2\/pages\/3\/revisions\/935"}],"wp:attachment":[{"href":"https:\/\/eustaches.com\/index.php\/wp-json\/wp\/v2\/media?parent=3"}],"curies":[{"name":"wp","href":"https:\/\/api.w.org\/{rel}","templated":true}]}}