{"id":42,"date":"2023-08-07T11:23:54","date_gmt":"2023-08-07T09:23:54","guid":{"rendered":"http:\/\/test.eustaches.com\/?page_id=42"},"modified":"2025-08-22T11:48:41","modified_gmt":"2025-08-22T09:48:41","slug":"partenaires-et-financeurs","status":"publish","type":"page","link":"https:\/\/eustaches.com\/index.php\/association-trompes-d-eustache\/partenaires-et-financeurs\/","title":{"rendered":"Partenaires et Financeurs"},"content":{"rendered":"\n<h3 class=\"wp-block-heading\">Financeurs<\/h3>\n\n\n\n<h4 class=\"wp-block-heading\">Le D\u00e9partement de la Dr\u00f4me<\/h4>\n\n\n\n<p>L\u2019espace public num\u00e9rique a vu le jour en septembre 2019 \u00e0 Mont\u00e9limar. Il a pour objet de rendre le num\u00e9rique accessible aux habitants de Mont\u00e9limar avec un accompagnement et d\u00e9veloppement de leur autonomie avec le num\u00e9rique. La Dr\u00f4me finance le poste de conseiller num\u00e9rique \u00e0 l&rsquo;EPN.<\/p>\n\n\n\n<h4 class=\"wp-block-heading\">La CAF Dr\u00f4me<\/h4>\n\n\n\n<p>Eustache est depuis le 1er avril 2021 labellis\u00e9 \u00ab Espace de Vie Sociale \u00bb par la Caisse d\u2019Allocations Familiales de la Dr\u00f4me. Nous ne souhaitions pas faire du num\u00e9rique pour faire du num\u00e9rique mais faire en sorte que le num\u00e9rique profite aux habitants dans leur vie de tous les jours et permette de les mettre en liens. Un des objectifs est de renforcer la coh\u00e9sion sociale dans le quartier gr\u00e2ce \u00e0 des \u00e9v\u00e9nements d&rsquo;animations et de d\u00e9couverte culturelle.<\/p>\n\n\n\n<h4 class=\"wp-block-heading\">La ville de Mont\u00e9limar<\/h4>\n\n\n\n<p>Depuis son ouverture, Eustache travaille en partenariat avec la ville. Les projets r\u00e9alis\u00e9s par Eustache   r\u00e9pondent \u00e0 la politique de la ville de Mont\u00e9limar.<\/p>\n\n\n\n<h4 class=\"wp-block-heading\">L&rsquo;\u00c9tat Fran\u00e7ais<\/h4>\n\n\n\n<p>L&rsquo;\u00c9tat finance les actions Quartiers d&rsquo;\u00c9t\u00e9. Nous b\u00e9n\u00e9ficions \u00e9galement dans le cadre du contrat de ville de deux contrats Adulte Relais.<\/p>\n\n\n\n<div class=\"wp-block-group is-content-justification-center is-nowrap is-layout-flex wp-container-core-group-is-layout-23441af8 wp-block-group-is-layout-flex\">\n<figure class=\"wp-block-image size-large is-resized\"><img loading=\"lazy\" decoding=\"async\" width=\"1024\" height=\"426\" src=\"https:\/\/eustaches.com\/wp-content\/uploads\/2024\/05\/departement-drome-1024x426.webp\" alt=\"Logo du d\u00e9partement de la Dr\u00f4ne\" class=\"wp-image-579\" style=\"width:207px;height:auto\" srcset=\"https:\/\/eustaches.com\/wp-content\/uploads\/2024\/05\/departement-drome-1024x426.webp 1024w, https:\/\/eustaches.com\/wp-content\/uploads\/2024\/05\/departement-drome-300x125.webp 300w, https:\/\/eustaches.com\/wp-content\/uploads\/2024\/05\/departement-drome-768x320.webp 768w, https:\/\/eustaches.com\/wp-content\/uploads\/2024\/05\/departement-drome.webp 1280w\" sizes=\"auto, (max-width: 1024px) 100vw, 1024px\" \/><\/figure>\n\n\n\n<figure class=\"wp-block-image size-large is-resized\"><img loading=\"lazy\" decoding=\"async\" width=\"1024\" height=\"1013\" src=\"https:\/\/eustaches.com\/wp-content\/uploads\/2024\/05\/Caf-logo-1024x1013.webp\" alt=\"Logo de la Caisse d'Allocations Familiales\" class=\"wp-image-577\" style=\"width:117px;height:auto\" srcset=\"https:\/\/eustaches.com\/wp-content\/uploads\/2024\/05\/Caf-logo-1024x1013.webp 1024w, https:\/\/eustaches.com\/wp-content\/uploads\/2024\/05\/Caf-logo-300x297.webp 300w, https:\/\/eustaches.com\/wp-content\/uploads\/2024\/05\/Caf-logo-768x760.webp 768w, https:\/\/eustaches.com\/wp-content\/uploads\/2024\/05\/Caf-logo-1536x1520.webp 1536w, https:\/\/eustaches.com\/wp-content\/uploads\/2024\/05\/Caf-logo-2048x2026.webp 2048w, https:\/\/eustaches.com\/wp-content\/uploads\/2024\/05\/Caf-logo-45x45.webp 45w\" sizes=\"auto, (max-width: 1024px) 100vw, 1024px\" \/><\/figure>\n\n\n\n<figure class=\"wp-block-image size-full is-resized\"><img loading=\"lazy\" decoding=\"async\" width=\"711\" height=\"711\" src=\"https:\/\/eustaches.com\/wp-content\/uploads\/2024\/05\/ville-montelimar.webp\" alt=\"Logo de la ville de Mont\u00e9limar\" class=\"wp-image-578\" style=\"width:132px;height:auto\" srcset=\"https:\/\/eustaches.com\/wp-content\/uploads\/2024\/05\/ville-montelimar.webp 711w, https:\/\/eustaches.com\/wp-content\/uploads\/2024\/05\/ville-montelimar-300x300.webp 300w, https:\/\/eustaches.com\/wp-content\/uploads\/2024\/05\/ville-montelimar-150x150.webp 150w, https:\/\/eustaches.com\/wp-content\/uploads\/2024\/05\/ville-montelimar-45x45.webp 45w\" sizes=\"auto, (max-width: 711px) 100vw, 711px\" \/><\/figure>\n\n\n\n<figure class=\"wp-block-image size-full is-resized\"><img loading=\"lazy\" decoding=\"async\" width=\"498\" height=\"330\" src=\"https:\/\/eustaches.com\/wp-content\/uploads\/2025\/08\/etat.jpg\" alt=\"\" class=\"wp-image-1038\" style=\"width:176px;height:auto\" srcset=\"https:\/\/eustaches.com\/wp-content\/uploads\/2025\/08\/etat.jpg 498w, https:\/\/eustaches.com\/wp-content\/uploads\/2025\/08\/etat-300x199.jpg 300w\" sizes=\"auto, (max-width: 498px) 100vw, 498px\" \/><\/figure>\n<\/div>\n\n\n\n<h3 class=\"wp-block-heading\">Partenaires<\/h3>\n\n\n\n<h4 class=\"wp-block-heading\">Les amis de la Place L\u00e9opold Blanc<\/h4>\n\n\n\n<p>Eustache r\u00e9alise des actions avec le <a href=\"https:\/\/www.convergences26.fr\/\" data-type=\"link\" data-id=\"https:\/\/www.convergences26.fr\/\">FabLab Convergences 26<\/a>, <a href=\"https:\/\/www.radiomicheline.com\/\">Radio Micheline<\/a> ainsi que le Caf\u00e9 l&rsquo;Annexe.<\/p>\n\n\n\n<h4 class=\"wp-block-heading\">Les partenaires<\/h4>\n\n\n\n<p>Eustache est \u00e9galement partenaire r\u00e9current avec plusieurs autres associations culturelles (TiLT, SEVE, Happi la compagnie&#8230;).<\/p>\n\n\n\n<p>Nous r\u00e9alisons \u00e9galement des actions avec la Retraite Active, le Relais des Assistantes Maternelles, les centres sociaux Colucci et de Nocaze, le PRE, ADOMA, l&rsquo;association Pluriel, l&rsquo;UDA, les Caf\u00e9s Litt\u00e9raires, France Travail, la Mission Locale, la M\u00e9diath\u00e8que, les services de la Mairie, le Campus Mont\u00e9limar Agglo&#8230;<\/p>\n","protected":false},"excerpt":{"rendered":"<p>Financeurs Le D\u00e9partement de la Dr\u00f4me L\u2019espace public num\u00e9rique a vu le jour en septembre 2019 \u00e0 Mont\u00e9limar. Il a pour objet de rendre le num\u00e9rique accessible aux habitants de Mont\u00e9limar avec un accompagnement et d\u00e9veloppement de leur autonomie avec le num\u00e9rique. La Dr\u00f4me finance le poste de conseiller num\u00e9rique \u00e0 l&rsquo;EPN. La CAF Dr\u00f4me [&hellip;]<\/p>\n","protected":false},"author":3,"featured_media":0,"parent":39,"menu_order":0,"comment_status":"closed","ping_status":"closed","template":"","meta":{"footnotes":""},"class_list":["post-42","page","type-page","status-publish","hentry"],"_links":{"self":[{"href":"https:\/\/eustaches.com\/index.php\/wp-json\/wp\/v2\/pages\/42","targetHints":{"allow":["GET"]}}],"collection":[{"href":"https:\/\/eustaches.com\/index.php\/wp-json\/wp\/v2\/pages"}],"about":[{"href":"https:\/\/eustaches.com\/index.php\/wp-json\/wp\/v2\/types\/page"}],"author":[{"embeddable":true,"href":"https:\/\/eustaches.com\/index.php\/wp-json\/wp\/v2\/users\/3"}],"replies":[{"embeddable":true,"href":"https:\/\/eustaches.com\/index.php\/wp-json\/wp\/v2\/comments?post=42"}],"version-history":[{"count":13,"href":"https:\/\/eustaches.com\/index.php\/wp-json\/wp\/v2\/pages\/42\/revisions"}],"predecessor-version":[{"id":1069,"href":"https:\/\/eustaches.com\/index.php\/wp-json\/wp\/v2\/pages\/42\/revisions\/1069"}],"up":[{"embeddable":true,"href":"https:\/\/eustaches.com\/index.php\/wp-json\/wp\/v2\/pages\/39"}],"wp:attachment":[{"href":"https:\/\/eustaches.com\/index.php\/wp-json\/wp\/v2\/media?parent=42"}],"curies":[{"name":"wp","href":"https:\/\/api.w.org\/{rel}","templated":true}]}}