{"id":44,"date":"2023-08-07T11:24:42","date_gmt":"2023-08-07T09:24:42","guid":{"rendered":"http:\/\/test.eustaches.com\/?page_id=44"},"modified":"2025-08-22T12:00:01","modified_gmt":"2025-08-22T10:00:01","slug":"a-propos","status":"publish","type":"page","link":"https:\/\/eustaches.com\/index.php\/association-trompes-d-eustache\/a-propos\/","title":{"rendered":"\u00c0 propos d&rsquo;Eustache"},"content":{"rendered":"\n<h3 class=\"wp-block-heading\"><span style=\"color: #000000;\">Les origines d\u2019Eustache<\/span><\/h3>\n\n\n\n<p>Les Trompes d\u2019Eustache est une association loi 1901 cr\u00e9\u00e9e en f\u00e9vrier 2013 avec pour objectif de cr\u00e9er des passerelles entre les m\u00e9dias&nbsp; : Son, Photo, Vid\u00e9o, \u00c9criture et Arts plastiques.<\/p>\n\n\n\n<p>Persuad\u00e9s que la cr\u00e9ativit\u00e9, quel que soit le support, est un v\u00e9ritable outil de sensibilisation, de mobilisation et de valorisation.<\/p>\n\n\n\n<h3 class=\"wp-block-heading\"><span style=\"color: #000000;\">Nos missions<\/span><\/h3>\n\n\n\n<p>Les Trompes D\u2019Eustache s\u2019est fix\u00e9 5 missions qui se d\u00e9composent ainsi&nbsp; :<\/p>\n\n\n\n<ul class=\"wp-block-list\">\n<li>L\u2019\u00e9ducation aux m\u00e9dias\u00a0: Permettre la rencontre des arts, visuels et audio, pour servir un propos et sensibiliser, en particulier le jeune public.<\/li>\n\n\n\n<li>La promotion de la culture et sa diffusion\u00a0: Cr\u00e9ation de gazette, le t\u00e9moignage, et l\u2019art graphique.<\/li>\n\n\n\n<li>Solidarit\u00e9s associatives\u00a0: Soutenir de mani\u00e8re logistique ou en savoir faire les artistes et\/ou structures association.<\/li>\n\n\n\n<li>Inclusion Num\u00e9rique tout public via l\u2019appropriation et la cr\u00e9ation de m\u00e9dias : cr\u00e9ation de l\u2019Espace Public Num\u00e9rique place L\u00e9opold Blanc \u00e0 Mont\u00e9limar et lien avec le Fab Lab.<\/li>\n\n\n\n<li>\u00catre cr\u00e9ateur de lien social avec et pour les habitants du territoire en d\u00e9veloppant leur capacit\u00e9 d\u2019agir, l\u2019\u00e9change de savoir et en partageant des moments de convivialit\u00e9s et de construction collective.<\/li>\n<\/ul>\n\n\n\n<p><\/p>\n","protected":false},"excerpt":{"rendered":"<p>Les origines d\u2019Eustache Les Trompes d\u2019Eustache est une association loi 1901 cr\u00e9\u00e9e en f\u00e9vrier 2013 avec pour objectif de cr\u00e9er des passerelles entre les m\u00e9dias&nbsp; : Son, Photo, Vid\u00e9o, \u00c9criture et Arts plastiques. Persuad\u00e9s que la cr\u00e9ativit\u00e9, quel que soit le support, est un v\u00e9ritable outil de sensibilisation, de mobilisation et de valorisation. Nos missions [&hellip;]<\/p>\n","protected":false},"author":3,"featured_media":0,"parent":39,"menu_order":0,"comment_status":"closed","ping_status":"closed","template":"","meta":{"footnotes":""},"class_list":["post-44","page","type-page","status-publish","hentry"],"_links":{"self":[{"href":"https:\/\/eustaches.com\/index.php\/wp-json\/wp\/v2\/pages\/44","targetHints":{"allow":["GET"]}}],"collection":[{"href":"https:\/\/eustaches.com\/index.php\/wp-json\/wp\/v2\/pages"}],"about":[{"href":"https:\/\/eustaches.com\/index.php\/wp-json\/wp\/v2\/types\/page"}],"author":[{"embeddable":true,"href":"https:\/\/eustaches.com\/index.php\/wp-json\/wp\/v2\/users\/3"}],"replies":[{"embeddable":true,"href":"https:\/\/eustaches.com\/index.php\/wp-json\/wp\/v2\/comments?post=44"}],"version-history":[{"count":6,"href":"https:\/\/eustaches.com\/index.php\/wp-json\/wp\/v2\/pages\/44\/revisions"}],"predecessor-version":[{"id":1071,"href":"https:\/\/eustaches.com\/index.php\/wp-json\/wp\/v2\/pages\/44\/revisions\/1071"}],"up":[{"embeddable":true,"href":"https:\/\/eustaches.com\/index.php\/wp-json\/wp\/v2\/pages\/39"}],"wp:attachment":[{"href":"https:\/\/eustaches.com\/index.php\/wp-json\/wp\/v2\/media?parent=44"}],"curies":[{"name":"wp","href":"https:\/\/api.w.org\/{rel}","templated":true}]}}