{"id":521,"date":"2023-11-22T11:52:10","date_gmt":"2023-11-22T10:52:10","guid":{"rendered":"http:\/\/eustaches.com\/?page_id=521"},"modified":"2025-08-22T12:08:33","modified_gmt":"2025-08-22T10:08:33","slug":"les-quiz-interactifs","status":"publish","type":"page","link":"https:\/\/eustaches.com\/index.php\/les-quiz-interactifs\/","title":{"rendered":"Les Quiz interactifs"},"content":{"rendered":"\n<p><strong>Les Quiz interactifs reprendront d\u00e9but d&rsquo;ann\u00e9e 2025<\/strong><\/p>\n\n\n\n<p>Chaque mois (sauf juillet-ao\u00fbt-septembre), on teste ses connaissances face \u00e0 un sujet haut en couleur&#8230; Une sorte de \u00ab\u00a0qui veut gagner des millions\u00a0\u00bb interactifs pour lib\u00e9rer la paroles et \u00e9changer avec une association.<\/p>\n\n\n\n<p>Contactez-nous pour conna\u00eetre les prochaines dates.<\/p>\n","protected":false},"excerpt":{"rendered":"<p>Les Quiz interactifs reprendront d\u00e9but d&rsquo;ann\u00e9e 2025 Chaque mois (sauf juillet-ao\u00fbt-septembre), on teste ses connaissances face \u00e0 un sujet haut en couleur&#8230; Une sorte de \u00ab\u00a0qui veut gagner des millions\u00a0\u00bb interactifs pour lib\u00e9rer la paroles et \u00e9changer avec une association. Contactez-nous pour conna\u00eetre les prochaines dates.<\/p>\n","protected":false},"author":3,"featured_media":0,"parent":0,"menu_order":0,"comment_status":"closed","ping_status":"closed","template":"","meta":{"footnotes":""},"class_list":["post-521","page","type-page","status-publish","hentry"],"_links":{"self":[{"href":"https:\/\/eustaches.com\/index.php\/wp-json\/wp\/v2\/pages\/521","targetHints":{"allow":["GET"]}}],"collection":[{"href":"https:\/\/eustaches.com\/index.php\/wp-json\/wp\/v2\/pages"}],"about":[{"href":"https:\/\/eustaches.com\/index.php\/wp-json\/wp\/v2\/types\/page"}],"author":[{"embeddable":true,"href":"https:\/\/eustaches.com\/index.php\/wp-json\/wp\/v2\/users\/3"}],"replies":[{"embeddable":true,"href":"https:\/\/eustaches.com\/index.php\/wp-json\/wp\/v2\/comments?post=521"}],"version-history":[{"count":5,"href":"https:\/\/eustaches.com\/index.php\/wp-json\/wp\/v2\/pages\/521\/revisions"}],"predecessor-version":[{"id":1073,"href":"https:\/\/eustaches.com\/index.php\/wp-json\/wp\/v2\/pages\/521\/revisions\/1073"}],"wp:attachment":[{"href":"https:\/\/eustaches.com\/index.php\/wp-json\/wp\/v2\/media?parent=521"}],"curies":[{"name":"wp","href":"https:\/\/api.w.org\/{rel}","templated":true}]}}